 Let o(b) = 13*b**3 + 16*b**2 + 33*b - 17. Let c(a) = -7*a**3 - 8*a**2 - 17*a + 9. Let j(p) = v*o(p) + 11*c(p). What is j(-6)?
3
Let a be (-4)/(-2)*10/20*4. Suppose -9*l = 3*m - 11*l - 20, a*m - 3*l = 25. Let w(v) = v**2 - 9*v + 3. What is w(m)?
13
Let k(m) = -m**2 + 4*m + 59. Suppose -4*r - 45 = -3*a, 5*r - 2*a + 18 + 26 = 0. What is k(r)?
-1
Suppose 2*b = -3*f - 21, 2*f + 6*b - 11*b + 14 = 0. Let i(w) = 5 - 5 + 2 + 1 + w. Determine i(f).
-4
Let m = 6 - 3. Let h(i) = 5*i**2 + i + 16. Suppose -5*l + 7 = 3*p - 11, -36 = -3*p + l. Let q(f) = -f**2 - 3. Let c(b) = p*q(b) + 2*h(b). Determine c(m).
-4
Let h(i) = -i - 58*i + 30*i + 27*i + 32. Give h(5).
22
Let a(g) be the second derivative of 5*g**3/3 - 6*g**2 - 1976*g. Calculate a(4).
28
Let c = 70 - 72. Let i be (-210)/(-55) + 3*c/(-33). Let k(h) = 3 - i - 12*h**2 + 13*h**2 - h. What is k(3)?
5
Let j = -91 + 91. Let w(o) = o**2 + o + 1. Let i be w(-1). Let p(d) = 6 - 3 - d - i. What is p(j)?
2
Suppose -2*q + 3*f + 33 = 0, 0*q = 2*q + f - 53. Let b(g) = -q + 23 - g + 1 + 14. Give b(13).
1
Let l(o) = 312*o + 1574. Let v be l(-5). Let u(s) = -s**3 + 14*s**2 - s + 23. Give u(v).
9
Let x = 57 - 47. Let i(m) be the second derivative of -m**3/2 + 6*m**2 + 2473*m. Calculate i(x).
-18
Let y be -8 + ((-306)/(-38) - (-159)/(-3021)). Let f(n) be the second derivative of y - 5/2*n**2 - 29*n - 1/6*n**3. What is f(0)?
-5
Let r(x) = -2*x**2 + 12*x - 24. Suppose 0 = 79*o + 77*o - 60*o - 768. Give r(o).
-56
Let c(j) = -11 + 9*j + 13*j - 30*j + 9*j + 14. Suppose 0 = -f + 2*f. Suppose 0 = -r - f*r - 6. Give c(r).
-3
Let g(s) = 77*s + 101. Let f be g(-12). Let j = -830 - f. Let r(q) = -q**3 - 7*q**2 + 7. Determine r(j).
7
Let r(d) = 2*d**2 + 2*d + 2. Let m(c) = 8*c**2 + 68*c - 223. Let u be m(-11). What is r(u)?
14
Let x(j) = -j**3 + 6*j**2 - 3*j + 5. Let r be -24 + 24 - 2*(-120)/1. Suppose -2*n - r = -4*p, -2*p - 212 = 2*n + p. Let y be 16/(-72) + n/(-18). Give x(y).
-13
Suppose 20*z = 15*z - 35. Let c(l) = l**3 + 8*l**2 + 7*l - 4. Let f be c(z). Let k(t) = t**3 + 2*t**2 - 6*t - 4. What is k(f)?
-12
Let s = 18595 - 18587. Let m(j) = -7*j**2 + 55*j + 8. Determine m(s).
0
Let f(i) = -3*i - 5. Let v be 4/(-14) + 117254/161. Let l = v + -722. Determine f(l).
-23
Suppose m - 9 = c - 0, -22 = -2*m - 2*c. Let y be m - 1/(-1 + 2). Let q(f) = -f**2 + 2324*f - 2314*f - 7 - 4 + 2. Give q(y).
0
Let f be (4 - 7 - 4) + 11. Let a(k) = 7*k**2 + 26*k - 21. Let r(w) = 4*w**2 + 14*w - 11. Let b(g) = -6*a(g) + 11*r(g). Give b(f).
29
Suppose -859 = -19*w - 992. Let k(c) = -c**3 - 7*c**2 + 5*c - 10. What is k(w)?
-45
Let x(q) = -25*q. Let u(w) = -8*w. Let h(y) = 7*u(y) - 2*x(y). Let b(l) = 23*l - 16*l - 18*l - 2 - 1 - 2*l**2. Let o be b(-5). Calculate h(o).
-12
Let m(n) = n**2 + 2*n. Let l(r) = 2*r**2 - 47*r - 3. Let h be l(23). Let f be 0 - h/(-4) - (-145)/58. What is m(f)?
8
Let o(g) = 25*g + 2 - 4 + 5 - 4. Suppose -13 = -2*x - 11. Calculate o(x).
24
Let p(i) = i**2 - 6*i + 2. Let s be p(6). Suppose s*n = -0*n + 2*m + 4, 35 = -5*n - 4*m. Let x(q) = -2 - q**3 + 136*q - 5*q**2 - 137*q + q**2. Calculate x(n).
-8
Let p(j) = j**3 + 5*j**2 - 5*j + 6. Let f be 17 + 16/(-2) - -10. Suppose -11*o - 14 = 2*m - 9*o, 5*o - f = 4*m. What is p(m)?
0
Let i(r) be the third derivative of r**5/60 - 5*r**4/6 - 11*r**3/2 + 2*r**2 + 1036*r. What is i(21)?
-12
Suppose -7*i - 151 = -186. Let d(p) = -2*p**3 - 6*p**2 + 7*p + 1. Let t be d(-5). Let j(v) = 66 + v**2 - 2*v - t. What is j(i)?
15
Let n(m) = 2*m + 3*m + 2*m - 7668*m**2 - m**3 + 7666*m**2 - 3. Determine n(-6).
99
Let h(v) = v - 9. Let y(j) = -j**3 - 9*j**2 - 8*j + 6. Let m be y(-8). Let z be -2 - (-7*3 + 3). Suppose -m*l - 70 = -z*l. Give h(l).
-2
Let v(p) = p + 4. Let s be v(-2). Let z = 1322 - 1321. Suppose -4*o = 4*i + 36, -s - z = 3*i - 3*o. Let d(t) = t**2 + 3*t + 6. Calculate d(i).
16
Suppose 4*c + 143 = 4*g + 171, 4*c - 5*g = 30. Let n(k) = k**3 - 5*k**2 + 3*k + 9. Determine n(c).
24
Let p(d) = -3*d**3 + 3*d**2 + 4*d - 8. Let u be p(2). Let i(f) = -2*f**3 - 24*f**2 + 4*f + 49. What is i(u)?
1
Suppose 20*j - 24*j - 5*f = -1951, -1013 = -2*j + 5*f. Let k = j + -489. Let d(x) = -x**2 + 6*x + 5. Calculate d(k).
10
Let x(u) = u**3 + 13*u**2 + 2*u + 19. Suppose -2*d - m = 28, 49 = -82*d + 79*d - 5*m. Calculate x(d).
-7
Let t(g) be the second derivative of -11*g**3/3 - 4*g**2 - 13*g - 24. Give t(5).
-118
Let n(u) = -2*u - 4. Let v(r) = r**3 - 11*r**2 - 28*r + 31. Let k be v(13). Suppose 35 = 10*p - k*p. Give n(p).
-18
Let p(z) be the third derivative of z**5/3 - z**4/12 + z**3/6 + z**2 - 1079*z. Determine p(-1).
23
Let d(q) be the third derivative of -q**6/120 - 7*q**5/60 - 3*q**4/8 + 17*q**3/6 + 260*q**2 + 7. What is d(-4)?
5
Let z(f) = -f**2 - 3*f - 13. Let p = -8567 + 8562. Determine z(p).
-23
Let l(q) = -q**3 + 4*q**2 - 2*q + 5. Suppose 3*o - 1276 = -t, -3*o + 8*o + t - 2128 = 0. Let v = -422 + o. What is l(v)?
-3
Let n(j) be the third derivative of 0*j + 1/60*j**5 + 0 - 1/6*j**3 + 1/8*j**4 + 53*j**2. What is n(2)?
9
Let g(l) = -3*l**2 - 14*l + 50. Let m(p) = -p**2 + 7*p - 2. Let s(x) = g(x) - 2*m(x). Determine s(2).
-6
Let m = 21180 + -21190. Let j(d) = -d**2 - 16*d - 45. Give j(m).
15
Let b(s) be the first derivative of 0*s**2 - 7/120*s**5 - 3*s**3 + 0*s - 17 + 7/24*s**4 + 1/360*s**6. Let p(h) be the third derivative of b(h). What is p(5)?
-3
Let n = 39 - 27. Let l(x) = n*x + 0 - 9*x - 25. Let c be l(9). Let k(b) = -3*b**3 + 3*b**2 - 2*b + 2. Determine k(c).
-14
Let o(c) = 4*c**2 + 6*c + 7. Let g(d) = d**2 + 2*d + 2. Let b(h) = -7*g(h) + 2*o(h). Let l = 512 + -514. Let i be 14 + -8 + l*2. Determine b(i).
0
Let w(z) = -z**3 - 6*z**2 - 4*z + 4. Suppose -3*j + 24 - 1 = 2*b, j = b - 9. Let p(y) = -18*y + 175. Let f be p(b). Calculate w(f).
-1
Suppose 0 = -2*x - 2*d - 54, -4*x + 4*d - 39 - 93 = 0. Let w = -33 - x. Let u(t) = -t**2 - 2*t + 2. What is u(w)?
-1
Let o(y) be the third derivative of 0*y**3 + 0 + 142*y**2 + 0*y**4 + 0*y + 1/12*y**6 + 0*y**5. Determine o(-1).
-10
Let c(w) = -7*w. Let d(i) = -8*i. Let j(s) = -7*c(s) + 6*d(s). Suppose 0 = 3*z - 1301 - 142. Let x = z + -485. What is j(x)?
-4
Let f(s) be the second derivative of s**5/20 - s**3/6 + 3*s**2/2 + 8*s + 25. Calculate f(0).
3
Suppose 0 = -h + 3*i - 5, -3*h - 3*i + 13 = -2*h. Suppose h = -4*a - 0. Let n(b) = -22*b - 3. Let x(d) = 5*d + 1. Let c(p) = -n(p) - 4*x(p). Calculate c(a).
-3
Let v be (4 + 4)*12/16. Let b be 122/6 + (v/9)/1. Let t(z) = -2*z + 3*z - b + 17 + 0*z - z**2. What is t(3)?
-10
Let c(l) = 4*l**2 - 87*l + 21. Let p(m) = 5*m**2 - 113*m + 22. Let n(h) = -4*c(h) + 3*p(h). Determine n(9).
-18
Let q(u) = u - 3. Let w(n) = 8*n + 212. Suppose 5*s - 33 = -4*x - 156, -5*s = 2*x + 69. Let z be w(x). Determine q(z).
-7
Let m be (0/(2 - -7))/1. Let t(f) = -f. Let g(r) = -4 + 3*r - 2 - 2 + 6. Let l(j) = g(j) + 4*t(j). Calculate l(m).
-2
Let a(d) be the first derivative of -d**2/2 - 3*d - 21. Let l be (0 - 2 - -14)/2 - 4. Determine a(l).
-5
Let i(b) be the first derivative of -b**3/3 - 9*b**2/2 + 10*b - 1. Let l(h) = h**3 + 5*h**2 - 27*h - 33. Let q be l(-8). Give i(q).
10
Suppose 6*d - 1 = d + 4*m, 3*m - 7 = -4*d. Let p(k) = 7*k**2 - d + 6 - 4 - 2*k - k**2. What is p(-2)?
29
Let g(t) = t**3 - 109*t**2 - 2*t + 8. Let w(u) = 18*u**2 - 1. Let b(n) = -g(n) - 6*w(n). What is b(0)?
-2
Let f be 693/(-168) + 5/(-15)*3/(-8). Let s(m) = -33*m - 97. Determine s(f).
35
Let z(b) = -2*b**2 - 20*b - 43. Let o be 1 + (-65)/50 - (-1881)/(-330). Give z(o).
5
Suppose 44*y = 42*y + 8. Let w(d) = -y*d + 2 + 3*d + 4*d + 0*d. Let c be 2/(-1*2) + 5. Calculate w(c).
14
Let g(p) be the second derivative of -5*p**3/6 + 87*p**2/2 + 27*p + 144. Determine g(17).
2
Let l(n) = -180*n + n**2 + 0*n**2 + 100*n + 97*n - 16. Determine l(-18).
2
Let m(c) = -14*c + 146. Let n(h) = 30*h - 315. Let a(q) = 13*m(q) + 6*n(q). Let i(g) = -g + 15. Let p be i(7). Give a(p).
-8
Let d be (-51 + 62)/((-1)/(-2)). Suppose d*m = 31*m - 126. Let t(w) = 2*w - 21. Give t(m).
7
Let l(w) = 11*w**3 + w**2 + 3*w - 14. Let q(k) = 53*k**3 + 7*k**2 + 14*k - 69. Let h(m) = -29*l(m) + 6*q(m). What is h(13)?
-47
Let y be -1*(50/(-150))/((-2)/24). Let w(l) = -l**3 - 10*l**2 - 3*l. Let k(m) = -m**3 - 9*m**2 - 3*m. Let v(d) = 5*k(d) - 4*w(d). What is v(y)?
-4
Let f be 6/4*24/(-9). Let p be 6/(-21)